housands digit of 472474?
2
What is the hundred thousands digit of 17525554?
5
What is the millions digit of 3516550?
3
What is the ten thousands digit of 77676?
7
What is the tens digit of 2229317?
1
What is the units digit of 466920?
0
What is the hundred thousands digit of 1868564?
8
What is the tens digit of 690717?
1
What is the tens digit of 5272932?
3
What is the hundreds digit of 10387559?
5
What is the ten millions digit of 38363394?
3
What is the hundred thousands digit of 821762?
8
What is the hundreds digit of 171425?
4
What is the hundred thousands digit of 543923?
5
What is the ten thousands digit of 7913384?
1
What is the millions digit of 3331924?
3
What is the hundred thousands digit of 23223254?
2
What is the tens digit of 8608967?
6
What is the hundreds digit of 1234615?
6
What is the thousands digit of 318930?
8
What is the hundred thousands digit of 1798311?
7
What is the tens digit of 1773014?
1
What is the units digit of 13192883?
3
What is the tens digit of 129213?
1
What is the millions digit of 5466803?
5
What is the ten millions digit of 34530552?
3
What is the ten thousands digit of 65644?
6
What is the ten thousands digit of 3460776?
6
What is the hundreds digit of 929485?
4
What is the ten thousands digit of 1923133?
2
What is the ten thousands digit of 34584?
3
What is the thousands digit of 4180459?
0
What is the hundred thousands digit of 2404265?
4
What is the thousands digit of 327951?
7
What is the ten millions digit of 14705480?
1
What is the hundred thousands digit of 462112?
4
What is the millions digit of 4353571?
4
What is the units digit of 695154?
4
What is the thousands digit of 1099464?
9
What is the hundreds digit of 8875527?
5
What is the tens digit of 53368?
6
What is the thousands digit of 219504?
9
What is the hundreds digit of 4938715?
7
What is the hundreds digit of 8448090?
0
What is the thousands digit of 15306?
5
What is the ten thousands digit of 551869?
5
What is the hundreds digit of 20656193?
1
What is the tens digit of 5428518?
1
What is the millions digit of 3024351?
3
What is the units digit of 126388?
8
What is the thousands digit of 1082082?
2
What is the ten thousands digit of 1197497?
9
What is the thousands digit of 475560?
5
What is the tens digit of 23731838?
3
What is the units digit of 231179?
9
What is the millions digit of 1721796?
1
What is the hundreds digit of 464980?
9
What is the units digit of 208785?
5
What is the units digit of 134276?
6
What is the hundred thousands digit of 464134?
4
What is the ten thousands digit of 384587?
8
What is the hundred thousands digit of 705978?
7
What is the units digit of 692891?
1
What is the thousands digit of 307723?
7
What is the thousands digit of 1414617?
4
What is the hundreds digit of 85743?
7
What is the thousands digit of 366350?
6
What is the units digit of 263362?
2
What is the hundreds digit of 386125?
1
What is the thousands digit of 17166907?
6
What is the thousands digit of 269415?
9
What is the hundred thousands digit of 34405389?
4
What is the thousands digit of 2271830?
1
What is the ten millions digit of 35382533?
3
What is the thousands digit of 786359?
6
What is the hundreds digit of 474497?
4
What is the hundred thousands digit of 1067293?
0
What is the hundreds digit of 5922190?
1
What is the thousands digit of 24619?
4
What is the thousands digit of 326076?
6
What is the hundreds digit of 856552?
5
What is the ten thousands digit of 1150999?
5
What is the tens digit of 2426230?
3
What is the millions digit of 4433842?
4
What is the tens digit of 5151438?
3
What is the hundreds digit of 3857678?
6
What is the hundred thousands digit of 3976948?
9
What is the hundred thousands digit of 7254282?
2
What is the units digit of 188617?
7
What is the thousands digit of 11960690?
0
What is the ten thousands digit of 260408?
6
What is the hundreds digit of 35183?
1
What is the hundred thousands digit of 188956?
1
What is the hundreds digit of 5298970?
9
What is the hundred thousands digit of 8954619?
9
What is the ten thousands digit of 1772871?
7
What is the hundreds digit of 29285802?
8
What is the units digit of 12067095?
5
What is the hundred thousands digit of 135194?
1
What is the hundred thousands digit of 8475855?
4
What is the units digit of 2693?
3
What is the hundreds digit of 2223454?
4
What is the tens digit of 1413485?
8
What is the thousands digit of 826849?
6
What is the units digit of 1324422?
2
What is the hundred thousands digit of 3793531?
7
What is the hundreds digit of 151957?
9
What is the units digit of 230430?
0
What is the thousands digit of 1951986?
1
What is the ten thousands digit of 82489?
8
What is the units digit of 3058986?
6
What is the tens digit of 352592?
9
What is the thousands digit of 496130?
6
What is the hundreds digit of 14275169?
1
What is the hundreds digit of 105888?
8
What is the hundred thousands digit of 1279283?
2
What is the hundreds digit of 142376?
3
What is the tens digit of 234201?
0
What is the units digit of 1152031?
1
What is the hundreds digit of 39779?
7
What is the units digit of 8897753?
3
What is the hundred thousands digit of 4168995?
1
What is the millions digit of 5942299?
5
What is the hundreds digit of 6070607?
6
What is the ten thousands digit of 78987?
7
What is the hundreds digit of 4359734?
7
What is the ten thousands digit of 1322149?
2
What is the hundred thousands digit of 15399649?
3
What is the hundred thousands digit of 1408347?
4
What is the hundred thousands digit of 945112?
9
What is the hundreds digit of 520596?
5
What is the ten thousands digit of 30583628?
8
What is the hundreds digit of 70710?
7
What is the hundred thousands digit of 749862?
7
What is the hundreds digit of 12977051?
0
What is the hundreds digit of 1563637?
6
What is the thousands digit of 208281?
8
What is the ten thousands digit of 466751?
6
What is the thousands digit of 116194?
6
What is the units digit of 5906477?
7
What is the ten thousands digit of 2815437?
1
What is the units digit of 7077541?
1
What is the hundreds digit of 2027550?
5
What is the thousands digit of 8228288?
8
What is the tens digit of 12310583?
8
What is the tens digit of 10713?
1
What is the thousands digit of 16924228?
4
What is the units digit of 6568589?
9
What is the units digit of 106230?
0
What is the hundreds digit of 999490?
4
What is the ten thousands digit of 265964?
6
What is the tens digit of 147250?
5
What is the millions digit of 1017173?
1
What is the hundreds digit of 12269?
2
What is the thousands digit of 4290993?
0
What is the millions digit of 33921924?
3
What is the ten thousands digit of 523299?
2
What is the millions digit of 1708320?
1
What is the thousands digit of 2874112?
4
What is the hundred thousands digit of 297264?
2
What is the tens digit of 2737846?
4
What is the hundreds digit of 451652?
6
What is the tens digit of 1487066?
6
What is the hundred thousands digit of 3378254?
3
What is the hundreds digit of 111724?
7
What is the hundred thousands digit of 996048?
9
What is the thousands digit of 376177?
6
What is the ten thousands digit of 19151?
1
What is the ten thousands digit of 1249654?
4
What is the units digit of 74551?
1
What is the tens digit of 15610642?
4
What is the ten thousands digit of 50033?
5
What is the units digit of 8017673?
3
What is the tens digit of 4092787?
8
What is the ten thousands digit of 1150743?
5
What is the hundreds digit of 4987647?
6
What is the hundred thousands digit of 511703?
5
What is the ten thousands digit of 5049664?
4
What is the units digit of 105550?
0
What is the hundreds digit of 168511?
5
What is the hundred thousands digit of 2827802?
8
What is the ten thousands digit of 9107893?
0
What is the tens digit of 237948?
4
What is the tens digit of 570365?
6
What is the ten thousands digit of 5317095?
1
What is the millions digit of 9691235?
9
What is the tens digit of 224996?
9
What is the units digit of 903273?
3
What is the tens digit of 2572190?
9
What is the tens digit of 367978?
7
What is the ten thousands digit of 172579?
7
What is the tens digit of 1190420?
2
What is the hundreds digit of 907651?
6
What is the hundred thousands digit of 12762336?
7
What is the tens digit of 10505792?
9
What is the ten th